composite?
True
Let u = 165637 + 57130. Is u composite?
True
Let y(w) = 7*w**3 - 24*w**2 - 85*w - 89. Is y(25) prime?
False
Suppose 2*q + 3*h + 33 = 11, 4*q + 12 = 2*h. Is ((-85448)/(-24) - 4/3) + q prime?
False
Let o(l) = 443*l**2 - 3*l - 9. Let m be (-16)/32*(-8)/(-2). Is o(m) prime?
False
Let s = -660611 - -1165702. Is s composite?
False
Is 11 - (11 + 2) - -16775 prime?
False
Suppose -j - 2 = -2*n, -2 = -2*j - n + 4. Is (381*(-1)/j)/(2/(-4)) a composite number?
True
Let n(x) be the second derivative of -25*x**3/3 - 5*x**2/2 + x. Suppose -24*f + 30*f = -18. Is n(f) composite?
True
Let z(h) = -h + 4*h**3 - 17*h**3 + h**2 + 4*h**3 + 8. Let s be z(-4). Suppose -2*d = -1122 - s. Is d prime?
True
Let y = -1879 - -3682. Let l = y - 1102. Is l a composite number?
False
Suppose -10*r = -314 - 366. Suppose -r = -7*j + 79. Is -178*(2/(-6))/(2/j) composite?
True
Is 285/(-760) - (937899/(-8) + -2) composite?
False
Let g = -110609 - -216508. Is g prime?
True
Suppose 0 = -26*j - 837 + 83. Is (j - -26) + 382*38 a prime number?
False
Let j(l) = 2148*l**2 - 194*l + 971. Is j(5) prime?
False
Let z = -6388 + 55945. Is z prime?
False
Let r = 4327 - 2196. Let s = -1278 + r. Is s a prime number?
True
Suppose 710*i + 21 = 717*i. Suppose -h = -5*k - 10570, -4*h + 2*h - i*k = -21101. Is h prime?
False
Let f(q) = 159*q - 135. Let m be f(26). Is m*2/3*6/12 prime?
False
Let x = 4415 + 38976. Is x composite?
False
Is (19680640/504 - (-8 + -2)) + 1/9 a prime number?
False
Let k(m) = 6*m**3 + 22*m**2 + 24*m + 219. Is k(23) composite?
False
Let k = 2733 - 538. Suppose -701 = -4*b - 5*c, 330*c + 4 = 334*c. Let f = k - b. Is f a prime number?
False
Let t be (-5)/(51 + -6) - 74141/9. Let y = 12287 + t. Is y a prime number?
True
Is 7 + 19/(133/66528) prime?
True
Let k(s) = 36*s + 7. Let q(f) = -f**3 - 27*f**2 + 27*f - 20. Let n be q(-28). Suppose n*a - 68 = -20. Is k(a) composite?
False
Suppose -77*n - 12*l - 2489731 = -78*n, 3*l = 2*n - 4979378. Is n composite?
True
Suppose -3*b = -3*n + 5*n - 548, -2*n = -8. Is 15/b - (-118630)/24 a composite number?
False
Suppose -197*u = -162*u - 14791735. Is u a prime number?
True
Let s = 35577 + -23326. Is s prime?
True
Let z(l) = 463*l**2 + 5*l - 9. Let c be z(-6). Let d = c - 36307. Is d/(-8) - 1 - (-22)/88 a composite number?
False
Is (12/18)/(-1*12/(-3801834)) composite?
False
Suppose -2*k - 2*k = 3*f - 22, k - 2 = f. Suppose -4*b - b + 23676 = 2*j, 5*j + k*b = 59207. Is j a prime number?
False
Suppose 13*g = 26392 - 1549. Suppose 13*m = z + 10*m - 367, -5*z - 4*m + g = 0. Is z a composite number?
False
Let i be 18604/(-5)*(-210)/28. Suppose 19372 = 22*t - i. Is t a composite number?
True
Let z(s) = -s**3 - 2*s**2 + 48. Let j be z(0). Suppose 52*t = j*t + 10820. Suppose -t = -3*d - 128. Is d prime?
True
Let a(m) = 271*m - 41 - 615*m - 349*m. Is a(-14) a composite number?
False
Let g(z) = -8*z**3 + 26*z**2 - 4*z - 99. Is g(-15) a composite number?
True
Let w(d) = d**2 - 3*d - 356. Let k be w(0). Let v be 5*(k/5 - -2). Let n = v - -3259. Is n prime?
False
Suppose 0 = -39*z + 58092 + 83608 + 154817. Is z a prime number?
True
Suppose -218654 = -3*h - 5*w, w = 12 - 11. Is h prime?
True
Let d = 38 - 36. Suppose 4*q + 6 = -3*o, -2*o + 0 - 4 = -d*q. Suppose q = 33*n - 27*n - 20652. Is n prime?
False
Suppose -171*b = 3*j - 176*b - 59548, -10 = 2*b. Is j composite?
False
Let c(x) = x - 6. Let g be c(13). Is 4/3*(105273/36)/g a prime number?
True
Let z be 14 + -14 - (-3)/1. Is (2/z)/(6 + (-97820)/16305) a composite number?
False
Let f be (108/(-4))/(-9) + 4. Suppose -23333 = -2*x + 3*i, 3*x + 6*i = f*i + 34996. Is x prime?
False
Suppose 212248 = 18*l - 10*l. Let n = l + -16660. Is n a composite number?
False
Let w = 236 - 84. Let s = 233 - w. Suppose -822 = s*d - 84*d. Is d a composite number?
True
Let a = -130 - -189. Suppose -62*s + 15486 = -a*s. Suppose 0 = -6*z + s + 1168. Is z a prime number?
False
Let o be (-2)/4*(-1 - -3)*43. Let i = -48 - o. Is (-2)/(-2)*(i - -296) composite?
True
Let o = 69 + 398. Suppose 431*p = 424*p + 273. Suppose 4*f = -4*w + 2064, w - o - p = f. Is w a composite number?
True
Let l(c) = -31*c - 36. Let f be l(-1). Is (f + 0 + (-45)/(-10))*-998 a prime number?
True
Let u be 2*75/80 + 1/8. Suppose 6081 = d - u*z, 2*d + 3*z = 6*z + 12161. Is d a composite number?
False
Let o be 12 + -10 - 4/2. Let n be 4 - (o - (-39264)/4). Is n/(-12) + (-2)/3 a composite number?
True
Suppose 689971 = -67*h - 123*h + 251*h. Is h a prime number?
True
Let p(c) = -2*c**3 - 18*c**2 + 2*c + 18. Let g be p(-9). Is (g - 4) + (-5049)/(-45)*5 prime?
True
Is 287507 + -19 + (-16)/(-16) a composite number?
True
Let m = -226 + 227. Is (-49154)/(-28)*(m + 1) prime?
True
Let m(d) = 690*d - 41. Let j(q) = 690*q - 41. Let i(y) = 2*j(y) - 3*m(y). Is i(-5) a prime number?
True
Let i(t) = 2259*t**3 + 17*t**2 - 44*t - 1. Let z(y) = -753*y**3 - 6*y**2 + 15*y + 1. Let m(c) = 6*i(c) + 17*z(c). Is m(2) a prime number?
False
Let c(m) = 1634*m - 16. Let q be c(1). Let y = q - 639. Is y a prime number?
False
Suppose 8 = -4*i, 8*b - 9*b + 33887 = i. Is b a composite number?
False
Let b be 63/(-12)*2 - (-12)/8. Let o be (-9)/(b/138*1). Let y = o + 628. Is y prime?
False
Let n = 93202 + -17888. Is n a prime number?
False
Suppose 23*k = -19*k + 106974. Let i be 65948/18 - 2/(-9). Let u = i - k. Is u a composite number?
False
Let k = -60 - -74. Suppose 12 = u + k. Is 716/(-16)*24/u prime?
False
Let q(r) = -155*r + 23. Let m(l) = l - 1. Let c(b) = -6*m(b) - q(b). Suppose 348*u - 352*u = -4*x - 32, x - 22 = -4*u. Is c(u) composite?
False
Let c(w) = w**3 + 22*w**2 - w + 20. Let u be c(-22). Is (175 - -2)/(u/658) prime?
False
Let a(m) = 5 + 16 - m**3 + 202*m - 190*m - 9*m**2. Let f = 32 - 45. Is a(f) composite?
False
Let l(v) = -30 + 99 + 22 + 46*v - 187*v. Is l(-10) a composite number?
True
Let b = 247 + -186. Suppose -58*z - 138 = -b*z. Is z a composite number?
True
Suppose -15952432 = -32*f + 442224. Is f a prime number?
True
Let n(f) be the third derivative of f**6/120 + f**5/12 + 11*f**4/24 + 2*f**3 - 47*f**2. Is n(5) composite?
False
Suppose 35300 = b + y, 2*b - 4*y = 32671 + 37887. Is b prime?
False
Let y be -18*(-12)/40 - (-6)/(-15). Suppose 4*p + 5*m - 5644 = 0, 3*p + y*m - 4233 = 4*m. Is p composite?
True
Suppose -3*j = 8*y - 5*y + 2976915, 3*j = 5*y + 4961485. Is y/(-500) + (-4)/(-10) a prime number?
False
Suppose 3*x = 14*d - 10*d + 454, 446 = -4*d - x. Let p be 100*(-3 + (-68)/(-16)). Let m = p + d. Is m composite?
False
Let q(h) = -62*h**3 - 3*h - 2. Let p be q(-1). Let o = p - 70. Is -1511*(4 + o + 2) composite?
False
Let t be 6/(-10)*8545/5*-5. Suppose -9*n + 29046 = -t. Is n prime?
True
Suppose -1989*s = -1981*s + 33704. Let o be (-4)/6 + 18404/3. Let d = s + o. Is d a composite number?
True
Suppose 0 = 5*c + 606 - 516. Is 8/(-36) - 2362/c a composite number?
False
Let b(h) = -2*h - 55. Let n be b(-30). Suppose 4011 = n*u - 5044. Is u prime?
True
Suppose 4*y = -6*y + y + 916371. Is y a composite number?
True
Let l(t) = 2*t**3 - t**2 + t. Let o be l(1). Suppose 489 = o*f - 619. Suppose -2*i + f = -1528. Is i prime?
False
Is -3*14/(126/(-1228683)) a composite number?
True
Let k(v) = 32017*v**3 - 3*v**2 + 43*v - 122. Is k(3) composite?
False
Is -4 - ((-608265)/75)/((-3)/(-45)) a composite number?
True
Let a be (-23 - 0)*(-6 + 5). Suppose -b + 2 = -4*j + a, -2*j - b + 9 = 0. Suppose t - 5*d - 354 = -0*t, -5*t + 1920 = j*d. Is t prime?
True
Suppose 4*v - 99992 = -4*c, 5*v = -9*c + 6*c + 74986. Let h = c + -12391. Is h a composite number?
False
Suppose -14*a = 13*a - 2752839. Is a a prime number?
True
Suppose -t + 18 = 2*t. Suppose g - 2*m = 907, 0 = -11*m + 33 + 11. Is ((-1 + g)/(t - 5))/2 composite?
False
Let n(y) = -2666*y**3 + 3*y + 4. Let v be n(-1). Let c = -961 + v. Is c a composite number?
True
Let j(n) = -n**3 + 6*n**2 + 15*n - 7. Let g be j(8). Let x = 16 - 21. Is 1194/((-11)/x - (-3)/g) composite?
True
Let v = -42 + 43. Let q be v + -1 + (-57382)/(-26). Let k = q - 1284. Is k composite?
True
Let p be 0*7/49*(-1)/(-2). Suppose -44 = z - p*z. Let j = 337 + z. Is j composite?
False
Let h(u) = -7*u - 31. Let f be h(-5). Suppose f*c - 4*d = 40, -7*d = -2*c - 4*d + 20. Suppose -k = 3*i - 6613, -11011 = 5*i - c*i + k. Is i a composite number?
False
Is